- 2838. Let y(g) = 5*j(g) + 4*n(g). Is y(s) a prime number?
True
Suppose 0*b - 2*b - 2*k + 16224 = 0, 3*b - 4*k = 24364. Suppose 3*v - b = -f, -6*f = -f + 2*v - 40528. Is (-2)/(-7) - f/(-56) prime?
False
Suppose 7*g = 1041207 + 2633604. Is g prime?
False
Let p(j) = -5*j - 73. Let o be p(-16). Suppose 16208 = o*f + 2565. Is f prime?
True
Suppose 723*y - 715*y - 395895 = 76817. Is y composite?
True
Suppose -15*q - 13*q + 1642315 = -5*q. Is q a composite number?
True
Let x(i) = -8*i - 36. Let z be x(-5). Suppose 4*r = -r - 25, -z*h = 3*r - 9421. Is h a composite number?
True
Suppose 33149 = 13*w - 15263. Suppose -w = -2*f - 606. Is f a composite number?
False
Let f = 54 - 49. Suppose r = -4*i + 12, 2 = -i + 5*r + f. Suppose i*s = -d + 4*s + 71, 0 = -s - 4. Is d a composite number?
False
Is (2 - (-8 + 17)) + 41450 prime?
True
Suppose 4*t + 463 = -2*r + 125, 164 = -2*t - 2*r. Let k = 92 + t. Suppose 5*h - s - 4*s - 3715 = 0, 5*h = -k*s + 3735. Is h a prime number?
False
Let m(q) = -6553*q + 160. Let x be m(-7). Let j = x + -14562. Is j a composite number?
False
Let k = -3513 + 15416. Is k composite?
False
Suppose 5*y + 10 = 4*y - 5*l, 6 = -2*y - 3*l. Is 121212/24 + (y - (-2)/4) a composite number?
False
Let o = 729965 - 220384. Is o prime?
True
Let v(w) = 11*w**2 + 5*w - 1. Let j be v(1). Suppose 13302 = 21*f - j*f. Is f prime?
False
Let d(t) = 10*t**2 + 16*t - 53. Let b be d(6). Suppose 5*f - 4*x - 3599 = 0, -4*x + 1031 + b = 2*f. Is f a prime number?
True
Is ((-532674)/(-36))/((-2)/((-20)/5)) a prime number?
False
Let a = 227 + -158. Let x = -65 + a. Suppose -q = -x*j - 347, -5*j = 3*q - 0*q - 990. Is q a composite number?
True
Let c(v) = -1641*v - 405. Is c(-74) a prime number?
False
Suppose -3*o + 6 = i - 8, -3*i = -3*o - 6. Suppose 2*g - i*b - 19 = 0, -3*b - 16 + 1 = -3*g. Suppose g*f = -0*f + 1902. Is f composite?
True
Let n = 1204 + 3. Suppose n = 11*f - 5063. Let o = -385 + f. Is o prime?
False
Suppose 0 = 15*l + 289 + 2186. Let c = l + 317. Suppose 7*j - c = 590. Is j a prime number?
False
Let h be 96/4*(-2832)/(-32). Let v = -973 + h. Is v a prime number?
True
Let j = -10 - -13. Suppose -j*x - 3*o = 159, -5*x = 3*o + 94 + 165. Is 62/(-6)*(x - -17) a composite number?
True
Let h(f) = 5*f + 41. Let j be h(-8). Let s be ((21 - j)/2)/(10/30). Let n = 299 + s. Is n a composite number?
True
Let w(i) = 102*i**2 - 8*i - 15. Suppose 0 = 2*t - 4*t - 4. Is w(t) a composite number?
False
Let r(f) = 5*f**2 - 15*f - 12. Let v be r(4). Suppose -18*c = -v*c - 23510. Is c a prime number?
True
Suppose -2*l = 5127*x - 5125*x - 240622, -5*l + 601615 = -5*x. Is l prime?
False
Suppose -81689 = -3*p - n, -17*n = -13*n - 8. Is p prime?
False
Let b(j) be the first derivative of -19*j**4/4 - 7*j**3/3 + 8*j**2 - 19. Let l be b(-8). Suppose 4585 = 2*t + 5*o - 0*o, 4*t = -4*o + l. Is t composite?
True
Let a(j) = 40*j**2 + 7*j - 21. Let w = -121 - -127. Is a(w) composite?
True
Suppose -4*u = -4*p - 20, u + 5*p = -0*u - 7. Suppose 6*s - u*s = -2142. Let v = s - -1397. Is v a prime number?
True
Suppose r + 745 = 2*u, -u - 838 = -4*r - 3783. Let x = 1058 + r. Is x a prime number?
False
Let u = 341867 + 389460. Is u a composite number?
False
Suppose 2665908 + 6686113 + 11286233 = 78*h. Is h a composite number?
True
Suppose u = -3*u + 680. Let f(z) = -53 - z + 192 + u. Is f(0) a prime number?
False
Let d(v) be the second derivative of 54*v**3 + 1/2*v**2 + v + 0. Is d(6) a composite number?
True
Suppose -2*x + 0*x + 4 = 0. Suppose x*g + 496 = 3*g. Let p = g + -305. Is p a prime number?
True
Suppose z + 3*z - 5*v - 44 = 0, 0 = 4*z + 2*v - 16. Suppose 3*x = 5*x + z. Is -2*x/((-9)/(-177)) composite?
True
Let s be (-4 - 3 - -4) + 184. Suppose -4*q - s = -5*p + 53, -38 = -p + 3*q. Let u = p + 357. Is u prime?
False
Let u(t) = t**3 + 2*t**2 - 3*t + 2. Let d be u(-3). Suppose 1 = -d*o + 3. Let m(r) = 64*r**2 + 1. Is m(o) a prime number?
False
Suppose -3*n + 0*l + 64 = 2*l, 3*n - 39 = 3*l. Let y = 23 - n. Suppose 1620 = 3*h + o, 0*o + 15 = -y*o. Is h composite?
False
Suppose 5*w + 35 = 5*a, 5*a + 5*w = 2*a + 13. Let c be 1 - (a/3 + (-4 - -2)). Is -4 - (c - 377 - 5) a composite number?
True
Let z(m) = 2577*m + 481. Is z(4) a prime number?
True
Let r(q) = 368*q - 513. Is r(62) a composite number?
False
Let p(f) = -58*f**2 + 5*f + 9. Suppose 0 = 5*s - 9 - 11. Let y(i) = 175*i**2 - 15*i - 26. Let z(m) = s*y(m) + 11*p(m). Is z(-2) composite?
True
Let l = 2127798 - 1276221. Is l prime?
False
Suppose 4*z = -z - 5*c, -3*z = -4*c + 21. Let q(j) = 58*j**3 + 4*j**2 + 3*j. Let k(g) = 58*g**3 + 3*g**2 + 2*g + 1. Let o(x) = -4*k(x) + 3*q(x). Is o(z) prime?
True
Let p(o) = 2*o**2 + 12*o - 11. Let v be p(-7). Let r(j) = -10*j - 5*j - 15 + 11*j**3 + 0*j**v - 15*j**3 - 12*j**2. Is r(-8) a prime number?
False
Let h(m) be the first derivative of 125*m**2/2 + 3*m + 1. Suppose 4*k = 4*a + 8, -16*k + 15*k - 2*a = -2. Is h(k) a prime number?
False
Let j(x) be the third derivative of x**6/120 + 3*x**5/20 - 5*x**4/24 - x**3 + 47*x**2. Is j(8) composite?
True
Is ((-952)/(-408))/(7/178446) a prime number?
False
Suppose -5*k = y - 70664, 3*k - 70654 = -22*y + 21*y. Is y a composite number?
False
Suppose 52*b + 18 = 50*b - 4*l, 3*b - 3*l = -18. Let n(t) be the first derivative of 13*t**3/3 + 13*t**2/2 + 5*t - 2. Is n(b) composite?
True
Let v = 721 - 719. Is 8798 + (-4 - v) + 11 prime?
True
Let a = -53997 + 81035. Suppose -4*k = 2*q - a, 14*q + 40571 = 17*q - k. Is q composite?
False
Suppose 2*i - 7*i = x - 219688, 4*x = -4*i + 175744. Suppose -i = -11*l - 8815. Suppose t - 7960 = -5*y - 2*t, -2*y - 3*t + l = 0. Is y composite?
True
Is 407*242 + -144 + 135 prime?
False
Suppose 456*c = -2*f + 457*c + 309017, 2*f + c - 309019 = 0. Is f composite?
True
Suppose 6*m = 7*m - 2*a - 18, 0 = -2*m + 5*a + 36. Suppose 6*o - m + 6 = 0. Suppose 2*g + o*g - 12884 = 0. Is g a prime number?
True
Let h = -24723 - -58877. Is h a prime number?
False
Let p = 2206 + -569. Suppose -206 = -b + z - 1851, 5*z - p = b. Let r = -978 - b. Is r a composite number?
True
Suppose -7*f - 2*f + 3037780 = 11*f. Is f prime?
False
Let r(g) = -17*g**2 - 6*g + 7. Let f be r(-5). Let w = f - -3683. Is w prime?
False
Let o = 292729 - 163110. Is o prime?
False
Suppose -19*p = -20*p + 216. Suppose p = 4*y - 4*c + 60, -c = -4. Let i = y - -160. Is i a composite number?
True
Is 4/3*49806 - 5 a composite number?
False
Let o(h) = -40814*h**2 + 6*h - 7. Let q be o(1). Is ((-1)/3)/(3/q) a composite number?
True
Let b(m) = 91*m - 107. Let h(f) = 45*f - 52. Let l(d) = 6*b(d) - 13*h(d). Is l(-7) prime?
True
Let k be 3 + (-60)/21 - (-2340)/84. Suppose 0 = k*z - 11*z - 225403. Is z composite?
False
Let m(x) = -60305*x + 5326. Is m(-3) composite?
True
Let z be 20/5*(-3)/(-4). Suppose 214 = -z*g - 5*r + 899, 3*g - 721 = 4*r. Is g a prime number?
False
Let s = 81433 + -44100. Is s a composite number?
True
Suppose -1 = 2*u - 0*u - b, -2*b + 14 = 2*u. Let t be ((-46)/8)/(-1) + 264/(-352). Suppose -u*c - 6483 = -t*c. Is c prime?
True
Suppose 5*r - 53189 = -3*n + 2927, 3*n - 4*r = 56125. Is n prime?
False
Let c(q) = 1730*q**2 - 13*q - 17. Let b(a) = -a**2 + 29*a - 24. Let j be b(28). Is c(j) a composite number?
False
Let j = 332366 - 111115. Is j a prime number?
True
Suppose -5*w + 46 = -4*x - 4, -2*w - x = -20. Let k = 17 - w. Is 22 - (k + -5)*2/(-4) a composite number?
False
Let i(v) = -2*v + 8. Suppose 12 = -15*o + 19*o. Let u be i(o). Suppose u*f - 2019 = -f. Is f composite?
False
Let d be (-3)/(-1) + (3 - 6). Suppose -c + 5*v + 6240 = 0, 2*c - 5*v = -d*v + 12485. Is c composite?
True
Is (-33)/((-693)/(-42)) + (-105055)/(-1) composite?
True
Suppose -17460505 - 44221978 = -426*b - 17906297. Is b a prime number?
True
Suppose -22*h + 3049411 - 586929 = 0. Is h prime?
False
Suppose 4*l = -28 + 40. Suppose 0 = -3*i + 4*h + 4477 - 1170, 0 = l*i - h - 3295. Suppose -3*s + 322 = -i. Is s composite?
True
Let t be (3 + (0 - 3))*-1. Suppose 3*v - 7*v = t. Suppose v = 6*p - 2*p - 2348. Is p composite?
False
Let h = 506780 + -328201. Is h composite?
True
Let d(m) = 6*m**3 + 41*m**2 - 8*m - 13. Let j be d(-7). Let q(x) = 55*x**2 + 4*x - 25. Is q(j) prime?
True
Suppose 4*j - 9797 - 75184 = 22415. Is j a prime number?
True
Let v(m) = -m + 52 - m**3 - 26 + 16*m**2 + 0*m**3 - 14. 